9*l - 5. Let d be m(6). Calculate the greatest common factor of d and q.
13
Let p = 1512 + -1504. Calculate the highest common divisor of p and 21064.
8
Suppose -504 = -7*d - d. Suppose 3*h - d = 45. What is the highest common factor of h and 4?
4
Suppose 1356 = 2*d - n, -3*d + 1262 = -5*n - 793. Calculate the highest common factor of 120 and d.
15
Suppose 5*j + 0*j - 5*v - 130 = 0, 0 = 4*j - 5*v - 100. Let t be (-5)/(j/(-4)) - 20/(-6). Suppose 90 = -t*i + 426. What is the highest common factor of 7 and i?
7
Suppose 6*d = 7*d + 709. Let t = -379 - d. What is the highest common divisor of t and 30?
30
Let f = 191 - 113. Let m = f - 48. Let t(v) = 2*v**2 - 4*v + 4. Let u be t(3). Calculate the greatest common divisor of u and m.
10
Let c = -461 - -604. Calculate the highest common divisor of c and 33.
11
Let x(s) = 0*s - 324 + 642 - 3*s + 6*s - 324. Let z be x(8). What is the highest common divisor of 27 and z?
9
Let j be -1 - 39/(-33) - (-262755)/495. What is the greatest common factor of j and 27?
9
Let k(r) = -r**3 - r**2 - 159 + 159 + 13*r - 19*r. Let c be k(-4). Calculate the greatest common factor of 576 and c.
72
Let b = -10531 - -10667. What is the highest common factor of b and 1241?
17
Let n be 20/6*(-1 - 33/(-6)). Suppose -4*d + 2*d - 384 = 0. Let b = 357 + d. Calculate the highest common factor of n and b.
15
Suppose 0 = -2*n + 5*h - 9, -5*n + h - 54 = -h. Let t(q) = -q**3 - 9*q**2 + 34*q + 30. Let y be t(n). Calculate the highest common divisor of 702 and y.
54
Let q(j) = 13*j + 200. Let v be q(-14). What is the greatest common divisor of 1278 and v?
18
Let q = -599 + 872. Suppose -1971 = -4*p + q. Let v be ((-2)/6)/((-1)/p). What is the greatest common factor of 17 and v?
17
Let n be (1/1)/(1/342). Let o be 4/(-7) - (-4050)/105. Calculate the highest common factor of o and n.
38
Suppose 5*c + 157*a = 160*a + 552, 5*a = c - 106. What is the greatest common factor of 18 and c?
3
Suppose 0 = 4*q + 16, -q = l + q + 195. Suppose -5*g - 1358 = 4*n, g + 7 = 5. Let x = l - n. Calculate the greatest common factor of x and 60.
30
Suppose 0 = -23*x + 13*x + 7019 + 22131. What is the highest common divisor of x and 55?
55
Let c = 13 - 10. Suppose 4*m = -3*o - 27, -5*m - 6 = -c*m. Let k be (-1 + 2)*(o - -24). What is the greatest common factor of k and 152?
19
Let s be 2/((-1)/(-6)*-2). Let k(y) = -y - 2. Let h be k(s). Suppose -7*x = 5*a - 11*x - 188, -4*x + 28 = a. Calculate the greatest common factor of h and a.
4
Let j(m) be the third derivative of m**4/12 - 35*m**3/3 + 23*m**2. Let o be j(0). Let w = 73 + o. What is the highest common divisor of 3 and w?
3
Suppose 85*f + 9 = 88*f. Suppose 3*b = f, -2*j = b - 2*b - 39. Calculate the greatest common factor of j and 340.
20
Let j(d) = -d**2 - 5*d + 10*d + 12 + d. Let q be j(7). Suppose 60 = q*f + 2*g - 6, -5*g = 10. What is the greatest common divisor of 7 and f?
7
Suppose 7*b - 39019 + 11604 = 34955. Calculate the highest common factor of 110 and b.
110
Let h(y) = -2*y - 3 - 10*y + 1 + 46*y**2 - 17*y. Let l be h(-2). Calculate the highest common factor of l and 15.
15
Let y = 10431 - 7711. Calculate the greatest common factor of y and 960.
160
Let y be -1 - -1 - (-8 + 5). Suppose 66 = 5*s + 3*w + 9, 35 = y*s + 2*w. Let a = 65 + -38. What is the highest common factor of a and s?
9
Let l be (1392/192)/((-1)/(-4)) + (-7 - -2). What is the highest common factor of l and 843?
3
Suppose 5*j = 3*k - 33, -16*k + 42 = -11*k - 4*j. Suppose 0 = k*x - 50 - 130. Calculate the highest common factor of 110 and x.
10
Let m = 17718 + -9971. Calculate the greatest common factor of 61 and m.
61
Let p be ((-18)/(-24)*2)/(3/90). Suppose -18*u + 16*u + 5*z = -p, 5*u - 78 = z. Suppose 225 = 3*n + 2*n. Calculate the highest common factor of n and u.
15
Let c be -140*(-2)/(16/6). Let p be (4/(-3))/((2196/(-3645))/61). Calculate the highest common factor of p and c.
15
Let h = 25174 + -15528. Calculate the greatest common factor of h and 14.
14
Suppose 0 = -3*l - 4*p - 2, -3*l + 2*p = 5*l - 20. Let v = -11 + 19. What is the greatest common factor of l and v?
2
Suppose -n = -4*y - 15, 0 = -n - y - 2*y - 6. Let t be 22/(242/(-55)) - (1 - 174). Suppose 0 = -n*r + 7*r - t. What is the greatest common divisor of 42 and r?
42
Let s be (-21385)/(-70) + 28 - (3/(-2) + -1). What is the highest common factor of 688 and s?
16
Let f = 144 + -66. Let g = -5220 - -5246. What is the greatest common divisor of g and f?
26
Let q be ((-1)/2)/((-1)/(-2))*-3. Let v(s) = 2*s**q - 6*s - 1 - 4 + s. Let z be v(3). Calculate the highest common divisor of z and 170.
34
Let i = 15220 - 8346. What is the highest common divisor of i and 7?
7
Let v be 141*266/114*2*1/1. Calculate the greatest common divisor of v and 28.
14
Suppose 5*z - 3*c + 8*c - 60 = 0, -2*z = 4*c - 32. Suppose -1012 = z*x - 31*x. Calculate the highest common factor of x and 22.
22
Suppose 0 = 4*t + 4*u - 3*u + 290, 0 = 4*u - 8. Let q = t - -132. Let d = q - 27. What is the highest common factor of 4 and d?
4
Let m(t) = 168*t**2 - 5*t + 3. Let v be m(1). Let o = v + -124. What is the highest common divisor of o and 42?
42
Let l = -5243 + 5320. What is the greatest common factor of 1122 and l?
11
Let t = -893 + 898. Calculate the highest common divisor of 745 and t.
5
Let h = 1996 + 336. Calculate the greatest common divisor of h and 66.
22
Let c = -28 - -40. Let a(h) = -4*h + 45. Let f be a(12). Let x(l) = -2*l**2 - 6*l + 4. Let u be x(f). Calculate the highest common divisor of u and c.
4
Let l be (-276)/(-10) + 6/(-10). Let m be ((-126)/4)/((-5)/((-160)/24)). Let j be 3 + (1 + (1 - 2) - m). Calculate the greatest common factor of j and l.
9
Suppose -4*i = r + 36, -i + 5*r = 2*i + 50. Let o be 1*15/i - (-7)/2. Suppose -4*a + 5 = -5*a, o*a = 5*t - 530. What is the greatest common factor of t and 8?
8
Suppose -5*a - a = -a. Let z be (0 - (-2 + a))/((-13)/(-208)). Calculate the greatest common divisor of 24 and z.
8
Suppose 5*x + 125 = 5*d, -5*x - 53 = -15*d + 14*d. What is the highest common factor of d and 801?
9
Suppose 43*f + 3748 = 2*u + 41*f, 3*u + f = 5614. Calculate the highest common divisor of 27 and u.
9
Let w be 23622/155 - 11 - 4/10. Suppose 2*q = 2, q - 147 = -2*g + 42. What is the greatest common divisor of w and g?
47
Let t(u) = 4*u + 16. Let w = 47 + -41. Let b be t(w). Let c be (27/4)/(5/b). What is the greatest common factor of c and 6?
6
Suppose -2414 = -191*u + 188*u + y, -y - 3219 = -4*u. What is the highest common divisor of 280 and u?
35
Let y(c) = 36*c + 8. Let j be y(1). Suppose 0*l = -l + j. What is the greatest common factor of l and 352?
44
Let g = -12 - -13. Let o be 70/g - 0/(-2). Let y be ((-84)/(-3 + -3))/(2/25). Calculate the greatest common factor of o and y.
35
Let q(k) = -k**2 - 12*k - 15. Let f be q(-6). Let s = 64 - 41. Suppose -s*o + 140 = -f*o. Calculate the highest common factor of 10 and o.
10
Let u be (25/(-3))/(2/(-6)). Let x = 408 + -418. Let o = u + x. What is the greatest common factor of o and 165?
15
Suppose 23 = -4*d - 25. Let f be (-338)/d + (-4)/24. Let p = -147 + 245. What is the highest common factor of p and f?
14
Suppose 5*c = 84 - 19. Let o = -216 + 218. Let i be (-3 - (-5 - -6))*(-24 - o). What is the greatest common divisor of c and i?
13
Let y(s) be the second derivative of 233*s**5/20 - s**4/12 + s**3/6 - s**2/2 - 65*s. Let m be y(1). What is the greatest common divisor of 8 and m?
8
Suppose 68*p - 2360 = 58*p. Suppose 0 = 2*j - 2*a - p, -j + 112 = -23*a + 19*a. What is the highest common factor of j and 45?
15
Let i(w) be the second derivative of 5*w**3/6 + 107*w**2 - 74*w. Let l be i(-30). Calculate the highest common divisor of l and 40.
8
Let y = -3158 + 3197. Suppose 4*o - 1389 = 3*i, 0 = -4*o - 0*i - i + 1409. What is the greatest common divisor of o and y?
39
Suppose 24*v - 1637 - 1555 = 0. What is the greatest common factor of 513 and v?
19
Let q = 23 - 10. Let n be (-21)/56 + (-38)/(-16). Suppose q = -n*u + 39. Calculate the highest common factor of 169 and u.
13
Suppose -2*i - 4 = 0, u - 5*i = -6*i + 17. Let n = -1 + u. Let r be n/4*80/15. What is the greatest common divisor of r and 3?
3
Let i be ((-40)/(-16))/(1/22). Suppose -2*u + 2200 = 3*u. What is the greatest common divisor of u and i?
55
Let v =